{"id":3597,"date":"2022-01-24T14:05:54","date_gmt":"2022-01-24T13:05:54","guid":{"rendered":"https:\/\/irlass.fr\/?page_id=3597"},"modified":"2024-08-17T16:37:51","modified_gmt":"2024-08-17T14:37:51","slug":"contact-2","status":"publish","type":"page","link":"https:\/\/irlass.fr\/?page_id=3597","title":{"rendered":"Contact"},"content":{"rendered":"<div data-colibri-id=\"3597-c1\" class=\"style-1437 style-local-3597-c1 position-relative\">\n  <!---->\n  <div data-colibri-component=\"section\" data-colibri-id=\"3597-c2\" id=\"custom\" class=\"h-section h-section-global-spacing d-flex align-items-lg-center align-items-md-center align-items-center style-1438 style-local-3597-c2 position-relative\">\n    <!---->\n    <!---->\n    <div class=\"h-section-grid-container h-section-fluid-container\">\n      <!---->\n      <div data-colibri-id=\"3597-c3\" class=\"h-row-container gutters-row-lg-1 gutters-row-md-1 gutters-row-0 gutters-row-v-lg-1 gutters-row-v-md-1 gutters-row-v-1 style-1439 style-local-3597-c3 position-relative\">\n        <!---->\n        <div class=\"h-row justify-content-lg-end justify-content-md-end justify-content-end align-items-lg-stretch align-items-md-stretch align-items-stretch gutters-col-lg-1 gutters-col-md-1 gutters-col-0 gutters-col-v-lg-1 gutters-col-v-md-1 gutters-col-v-1\">\n          <!---->\n          <div class=\"h-column h-column-container d-flex h-col-lg-4 h-col-md-4 h-col-12 style-1440-outer style-local-3597-c4-outer\">\n            <div data-colibri-id=\"3597-c4\" class=\"d-flex h-flex-basis h-column__inner h-px-lg-0 h-px-md-0 h-px-0 v-inner-lg-0 v-inner-md-0 v-inner-0 style-1440 style-local-3597-c4 position-relative\">\n              <!---->\n              <!---->\n              <div class=\"w-100 h-y-container h-column__content h-column__v-align flex-basis-100 align-self-lg-start align-self-md-start align-self-start\">\n                <!---->\n                <div data-colibri-id=\"3597-c5\" class=\"d-block style-1442 style-local-3597-c5 position-relative h-element\">\n                  <!---->\n                  <div class=\"h-image__frame-container-outer\">\n                    <div class=\"h-image__frame-container\">\n                      <!---->\n                      <!---->\n                      <img fetchpriority=\"high\" decoding=\"async\" width=\"304\" height=\"540\" src=\"https:\/\/irlass.fr\/wp-content\/uploads\/2024\/08\/Site.png\" class=\"wp-image-4339 style-1442-image style-local-3597-c5-image\" alt=\"\" srcset=\"https:\/\/irlass.fr\/wp-content\/uploads\/2024\/08\/Site.png 304w, https:\/\/irlass.fr\/wp-content\/uploads\/2024\/08\/Site-169x300.png 169w\" sizes=\"(max-width: 304px) 100vw, 304px\" \/>\n                      <div class=\"h-image__frame h-hide-lg h-hide-md h-hide-sm style-1442-frameImage style-local-3597-c5-frameImage\"><\/div>\n                    <\/div>\n                  <\/div>\n                <\/div>\n              <\/div>\n            <\/div>\n          <\/div>\n          <div class=\"h-column h-column-container d-flex h-col-lg-4 h-col-md-4 h-col-12 style-1441-outer style-local-3597-c6-outer\">\n            <div data-colibri-id=\"3597-c6\" class=\"d-flex h-flex-basis h-column__inner h-px-lg-0 h-px-md-0 h-px-0 v-inner-lg-0 v-inner-md-0 v-inner-0 style-1441 style-local-3597-c6 position-relative\">\n              <!---->\n              <!---->\n              <div class=\"w-100 h-y-container h-column__content h-column__v-align flex-basis-100 align-self-lg-center align-self-md-center align-self-center\">\n                <!---->\n                <div data-colibri-id=\"3597-c7\" class=\"h-lead h-text h-text-component style-1443 style-local-3597-c7 position-relative h-element\">\n                  <!---->\n                  <!---->\n                  <div class=\"\">\n                    <p>\n                      <br>\n                    <\/p>\n                    <p>\n                      <br>\n                    <\/p>\n                    <p>\n                      <br>\n                    <\/p>\n                    <p>\n                      <br>\n                    <\/p>\n                    <p>Je me pr\u00e9sente Irlass, photographe et directeur artistique.<\/p>\n                    <p>Passionn\u00e9 d\u2019art dans sa globalit\u00e9, c\u2019est pour moi avant tout un moyen de m\u2019exprimer aux autres.<\/p>\n                    <p>\u00c0 travers mes cr\u00e9ations, je cherche \u00e0 impacter quiconque pouvant tomber sur mes clich\u00e9s, \u00e0 les plonger dans mon univers surr\u00e9aliste, \u00e0 partager ma vision du monde.<\/p>\n                    <p>Ayant grandi au sein d\u2019un important m\u00e9tissage culturel, je suis tr\u00e8s jeune devenu curieux aux diverses formes d\u2019arts se pr\u00e9sentant \u00e0 moi, cela allant de mon int\u00e9r\u00eat accru pour la mode, au sport, \u00e0 la musique ou encore \u00e0 l\u2019art de la\n                      table en passant par la gastronomie.<\/p>\n                    <p>Ces nombreux attraits artistiques se r\u00e9percutent sur mon travail, puisque je suis aujourd\u2019hui apte \u00e0 m\u2019exprimer aussi bien au travers de la nature morte, que du reportage tel que l\u2019aborde la street photography. Toutefois, mon domaine\n                      de pr\u00e9dilection reste la photographie de mode gr\u00e2ce \u00e0 laquelle je parviens \u00e0 m\u2019exprimer le plus librement<\/p>\n                  <\/div>\n                <\/div>\n              <\/div>\n            <\/div>\n          <\/div>\n          <div class=\"h-column h-column-container d-flex h-col-lg-4 h-col-md-4 h-col-12 style-1511-outer style-local-3597-c8-outer\">\n            <div data-colibri-id=\"3597-c8\" class=\"d-flex h-flex-basis h-column__inner h-px-lg-0 h-px-md-0 h-px-0 v-inner-lg-0 v-inner-md-0 v-inner-0 style-1511 style-local-3597-c8 position-relative\">\n              <!---->\n              <!---->\n              <div class=\"w-100 h-y-container h-column__content h-column__v-align flex-basis-100 align-self-lg-start align-self-md-start align-self-start\">\n                <!---->\n                <div data-colibri-id=\"3597-c9\" class=\"style-1461 style-local-3597-c9 position-relative h-element\">\n                  <!---->\n                  <div class=\"d-flex flex-wrap h-social-icons justify-content-lg-start justify-content-md-start justify-content-start\">\n                    <div class=\"social-icon-container d-inline-flex\">\n                      <a href=\"https:\/\/www.instagram.com\/ir.lass\/?hl=fr\" target=\"_blank\" h-use-smooth-scroll=\"true\" rel=\"noopener\">\n                        <div class=\"icon-container h-social-icon h-global-transition\">\n                          <div class=\"h-icon-svg\" style=\"width: 100%; height: 100%;\">\n                            <!--Icon by Font Awesome (https:\/\/fontawesome.com)-->\n                            <svg version=\"1.1\" xmlns=\"http:\/\/www.w3.org\/2000\/svg\" xmlns:xlink=\"http:\/\/www.w3.org\/1999\/xlink\" id=\"instagram\" viewBox=\"0 0 1536 1896.0833\">\n                              <path d=\"M1024 896q0-106-75-181t-181-75-181 75-75 181 75 181 181 75 181-75 75-181zm138 0q0 164-115 279t-279 115-279-115-115-279 115-279 279-115 279 115 115 279zm108-410q0 38-27 65t-65 27-65-27-27-65 27-65 65-27 65 27 27 65zM768 266q-7 0-76.5-.5t-105.5 0-96.5 3-103 10T315 297q-50 20-88 58t-58 88q-11 29-18.5 71.5t-10 103-3 96.5 0 105.5.5 76.5-.5 76.5 0 105.5 3 96.5 10 103T169 1349q20 50 58 88t88 58q29 11 71.5 18.5t103 10 96.5 3 105.5 0 76.5-.5 76.5.5 105.5 0 96.5-3 103-10 71.5-18.5q50-20 88-58t58-88q11-29 18.5-71.5t10-103 3-96.5 0-105.5-.5-76.5.5-76.5 0-105.5-3-96.5-10-103T1367 443q-20-50-58-88t-88-58q-29-11-71.5-18.5t-103-10-96.5-3-105.5 0-76.5.5zm768 630q0 229-5 317-10 208-124 322t-322 124q-88 5-317 5t-317-5q-208-10-322-124T5 1213q-5-88-5-317t5-317q10-208 124-322t322-124q88-5 317-5t317 5q208 10 322 124t124 322q5 88 5 317z\"><\/path>\n                            <\/svg>\n                          <\/div>\n                        <\/div>\n                      <\/a>\n                    <\/div>\n                    <div class=\"social-icon-container d-inline-flex\">\n                      <a href=\"https:\/\/www.linkedin.com\/in\/yann-fagotin-35253819a\/\" target=\"_blank\" h-use-smooth-scroll=\"true\" rel=\"noopener\">\n                        <div class=\"icon-container h-social-icon h-global-transition\">\n                          <div class=\"h-icon-svg\" style=\"width: 100%; height: 100%;\">\n                            <!--Icon by Font Awesome (https:\/\/fontawesome.com)-->\n                            <svg version=\"1.1\" xmlns=\"http:\/\/www.w3.org\/2000\/svg\" xmlns:xlink=\"http:\/\/www.w3.org\/1999\/xlink\" id=\"linkedin-square\" viewBox=\"0 0 1536 1896.0833\">\n                              <path d=\"M237 1414h231V720H237v694zm246-908q-1-52-36-86t-93-34-94.5 34-36.5 86q0 51 35.5 85.5T351 626h1q59 0 95-34.5t36-85.5zm585 908h231v-398q0-154-73-233t-193-79q-136 0-209 117h2V720H595q3 66 0 694h231v-388q0-38 7-56 15-35 45-59.5t74-24.5q116 0 116 157v371zm468-998v960q0 119-84.5 203.5T1248 1664H288q-119 0-203.5-84.5T0 1376V416q0-119 84.5-203.5T288 128h960q119 0 203.5 84.5T1536 416z\"><\/path>\n                            <\/svg>\n                          <\/div>\n                        <\/div>\n                      <\/a>\n                    <\/div>\n                  <\/div>\n                <\/div>\n              <\/div>\n            <\/div>\n          <\/div>\n        <\/div>\n      <\/div>\n    <\/div>\n  <\/div>\n<\/div>","protected":false},"excerpt":{"rendered":"<p>Je me pr\u00e9sente Irlass, photographe et directeur artistique. Passionn\u00e9 d\u2019art dans sa globalit\u00e9, c\u2019est pour moi avant tout un moyen de m\u2019exprimer aux autres. \u00c0 travers mes cr\u00e9ations, je cherche \u00e0 impacter quiconque pouvant tomber sur mes clich\u00e9s, \u00e0 les plonger dans mon univers surr\u00e9aliste, \u00e0 partager ma vision du monde. Ayant grandi au sein [&hellip;]<\/p>\n","protected":false},"author":1,"featured_media":0,"parent":0,"menu_order":0,"comment_status":"closed","ping_status":"closed","template":"page-templates\/full-width-page.php","meta":{"footnotes":""},"class_list":["post-3597","page","type-page","status-publish","hentry"],"_links":{"self":[{"href":"https:\/\/irlass.fr\/index.php?rest_route=\/wp\/v2\/pages\/3597","targetHints":{"allow":["GET"]}}],"collection":[{"href":"https:\/\/irlass.fr\/index.php?rest_route=\/wp\/v2\/pages"}],"about":[{"href":"https:\/\/irlass.fr\/index.php?rest_route=\/wp\/v2\/types\/page"}],"author":[{"embeddable":true,"href":"https:\/\/irlass.fr\/index.php?rest_route=\/wp\/v2\/users\/1"}],"replies":[{"embeddable":true,"href":"https:\/\/irlass.fr\/index.php?rest_route=%2Fwp%2Fv2%2Fcomments&post=3597"}],"version-history":[{"count":14,"href":"https:\/\/irlass.fr\/index.php?rest_route=\/wp\/v2\/pages\/3597\/revisions"}],"predecessor-version":[{"id":4533,"href":"https:\/\/irlass.fr\/index.php?rest_route=\/wp\/v2\/pages\/3597\/revisions\/4533"}],"wp:attachment":[{"href":"https:\/\/irlass.fr\/index.php?rest_route=%2Fwp%2Fv2%2Fmedia&parent=3597"}],"curies":[{"name":"wp","href":"https:\/\/api.w.org\/{rel}","templated":true}]}}